{"id":975,"date":"2018-03-04T21:33:10","date_gmt":"2018-03-05T00:33:10","guid":{"rendered":"http:\/\/msestudio.com.ar\/inmobiliaria\/?page_id=975"},"modified":"2025-09-29T15:11:16","modified_gmt":"2025-09-29T18:11:16","slug":"tasaciones","status":"publish","type":"page","link":"https:\/\/msestudio.com.ar\/inmobiliaria\/tasaciones\/","title":{"rendered":"Tasaciones"},"content":{"rendered":"\t\t<div data-elementor-type=\"wp-page\" data-elementor-id=\"975\" class=\"elementor elementor-975\">\n\t\t\t\t\t\t<section class=\"elementor-section elementor-top-section elementor-element elementor-element-5f0042a elementor-section-boxed elementor-section-height-default elementor-section-height-default\" data-id=\"5f0042a\" data-element_type=\"section\">\n\t\t\t\t\t\t<div class=\"elementor-container elementor-column-gap-default\">\n\t\t\t\t\t<div class=\"elementor-column elementor-col-100 elementor-top-column elementor-element elementor-element-b8ed14c\" data-id=\"b8ed14c\" data-element_type=\"column\">\n\t\t\t<div class=\"elementor-widget-wrap elementor-element-populated\">\n\t\t\t\t\t\t<div class=\"elementor-element elementor-element-ad1cb8 elementor-widget elementor-widget-text-editor\" data-id=\"ad1cb8\" data-element_type=\"widget\" data-widget_type=\"text-editor.default\">\n\t\t\t\t<div class=\"elementor-widget-container\">\n\t\t\t\t\t\t\t\t\t<p>Realizamos la <strong>Tasaci\u00f3n<\/strong> de su propiedad tanto para la <strong>Venta<\/strong> como para <strong>Alquiler<\/strong>, ya que lo m\u00e1s importante es encontrar el <strong>precio justo y real<\/strong> del bien a fin de lograr completar la operaci\u00f3n lo m\u00e1s pronto posible.<\/p>\n<p>En las tasaciones relevamos las dimensiones del terreno y de todos los ambientes de la propiedad, evaluando los materiales utilizados en la construcci\u00f3n, su estado de conservaci\u00f3n, sus caracter\u00edsticas m\u00e1s destacables y los servicios con los cuales cuenta.<\/p>\n<p>Se verifica la documentaci\u00f3n de la propiedad: plano y escritura.<\/p>\n<p>Respecto al terreno, se toma en cuenta su orientaci\u00f3n, su zonificaci\u00f3n (posibilidad de construcci\u00f3n en el mismo) y en caso de encontrarse edificado, si es factible realizar ampliaciones.<\/p>\n<p>Analizamos la zona en la cual est\u00e1 ubicada la propiedades a tasar, evaluando si se encuentra cerca de lugares como escuelas, salas de emergencia m\u00e9dica, dependencias policiales, adem\u00e1s de locales comerciales y medios de transporte.<\/p>\n<p>Por \u00faltimo, una vez evaluadas las caracter\u00edsticas propias del inmueble, de manera individual, se procede a efectuar un an\u00e1lisis de mercado, viendo las ofertas similares existentes, los valores y la demanda, a fin de posicionar competitivamente la propiedad.<\/p>\n<p>Del resultado de este informe, se le entregar\u00e1 al cliente toda la informaci\u00f3n recaudada, explicando a fondo el porqu\u00e9 del valor definido.<\/p>\n<p>No dude en consultarnos para recibir m\u00e1s informaci\u00f3n.<\/p>\n<p>INMOBILIARIA SALCOVSKY PROPIEDADES<\/p>\n<p><strong>Oficinas:<\/strong>&nbsp;Julio A. Roca 1569 \u2013 Puerto Madryn \u2013 Chubut<br><strong>Tel\u00e9fonos:<\/strong>&nbsp;(280) 463 2875 \/ 426 4943<br><strong>Email:<\/strong>&nbsp;<a href=\"mailto:contacto@msestudio.com.ar\">contacto@msestudio.com.ar<\/a><br><a href=\"https:\/\/www.facebook.com\/msestudiomadryn\/\"><strong>Facebook<\/strong>&nbsp;\/msestudiomadryn<\/a><br><a href=\"https:\/\/www.instagram.com\/msestudioinmobiliaria\/\"><strong>Instagram<\/strong>&nbsp;\/msestudioinmobiliaria<\/a><\/p>\t\t\t\t\t\t\t\t<\/div>\n\t\t\t\t<\/div>\n\t\t\t\t\t<\/div>\n\t\t<\/div>\n\t\t\t\t\t<\/div>\n\t\t<\/section>\n\t\t\t\t<section class=\"elementor-section elementor-top-section elementor-element elementor-element-f779933 elementor-section-boxed elementor-section-height-default elementor-section-height-default\" data-id=\"f779933\" data-element_type=\"section\">\n\t\t\t\t\t\t<div class=\"elementor-container elementor-column-gap-default\">\n\t\t\t\t\t<div class=\"elementor-column elementor-col-100 elementor-top-column elementor-element elementor-element-d62ab5f\" data-id=\"d62ab5f\" data-element_type=\"column\">\n\t\t\t<div class=\"elementor-widget-wrap elementor-element-populated\">\n\t\t\t\t\t\t<div class=\"elementor-element elementor-element-67cb428 elementor-shape-rounded elementor-grid-0 e-grid-align-center elementor-widget elementor-widget-social-icons\" data-id=\"67cb428\" data-element_type=\"widget\" data-widget_type=\"social-icons.default\">\n\t\t\t\t<div class=\"elementor-widget-container\">\n\t\t\t\t\t\t\t<div class=\"elementor-social-icons-wrapper elementor-grid\" role=\"list\">\n\t\t\t\t\t\t\t<span class=\"elementor-grid-item\" role=\"listitem\">\n\t\t\t\t\t<a class=\"elementor-icon elementor-social-icon elementor-social-icon-facebook elementor-repeater-item-93491cd\" href=\"https:\/\/www.facebook.com\/msestudiomadryn\/\" target=\"_blank\">\n\t\t\t\t\t\t<span class=\"elementor-screen-only\">Facebook<\/span>\n\t\t\t\t\t\t<i aria-hidden=\"true\" class=\"fab fa-facebook\"><\/i>\t\t\t\t\t<\/a>\n\t\t\t\t<\/span>\n\t\t\t\t\t\t\t<span class=\"elementor-grid-item\" role=\"listitem\">\n\t\t\t\t\t<a class=\"elementor-icon elementor-social-icon elementor-social-icon-instagram elementor-repeater-item-5cf5861\" href=\"https:\/\/www.instagram.com\/msestudioinmobiliaria\/\" target=\"_blank\">\n\t\t\t\t\t\t<span class=\"elementor-screen-only\">Instagram<\/span>\n\t\t\t\t\t\t<i aria-hidden=\"true\" class=\"fab fa-instagram\"><\/i>\t\t\t\t\t<\/a>\n\t\t\t\t<\/span>\n\t\t\t\t\t\t\t<span class=\"elementor-grid-item\" role=\"listitem\">\n\t\t\t\t\t<a class=\"elementor-icon elementor-social-icon elementor-social-icon-phone-alt elementor-repeater-item-a589a6b\" href=\"tel:+5492804264943\" target=\"_blank\">\n\t\t\t\t\t\t<span class=\"elementor-screen-only\">Phone-alt<\/span>\n\t\t\t\t\t\t<i aria-hidden=\"true\" class=\"fas fa-phone-alt\"><\/i>\t\t\t\t\t<\/a>\n\t\t\t\t<\/span>\n\t\t\t\t\t<\/div>\n\t\t\t\t\t\t<\/div>\n\t\t\t\t<\/div>\n\t\t\t\t\t<\/div>\n\t\t<\/div>\n\t\t\t\t\t<\/div>\n\t\t<\/section>\n\t\t\t\t<\/div>\n\t\t","protected":false},"excerpt":{"rendered":"<p>Realizamos la Tasaci\u00f3n de su propiedad tanto para la Venta como para Alquiler, ya que lo m\u00e1s importante es encontrar el precio justo y real del bien a fin de lograr completar la operaci\u00f3n lo m\u00e1s pronto posible. En las tasaciones relevamos las dimensiones del terreno y de todos los ambientes de la propiedad, evaluando&#8230;<\/p>\n","protected":false},"author":1,"featured_media":0,"parent":0,"menu_order":0,"comment_status":"closed","ping_status":"closed","template":"","meta":{"_joinchat":[],"footnotes":""},"class_list":["post-975","page","type-page","status-publish","hentry"],"_links":{"self":[{"href":"https:\/\/msestudio.com.ar\/inmobiliaria\/wp-json\/wp\/v2\/pages\/975","targetHints":{"allow":["GET"]}}],"collection":[{"href":"https:\/\/msestudio.com.ar\/inmobiliaria\/wp-json\/wp\/v2\/pages"}],"about":[{"href":"https:\/\/msestudio.com.ar\/inmobiliaria\/wp-json\/wp\/v2\/types\/page"}],"author":[{"embeddable":true,"href":"https:\/\/msestudio.com.ar\/inmobiliaria\/wp-json\/wp\/v2\/users\/1"}],"replies":[{"embeddable":true,"href":"https:\/\/msestudio.com.ar\/inmobiliaria\/wp-json\/wp\/v2\/comments?post=975"}],"version-history":[{"count":14,"href":"https:\/\/msestudio.com.ar\/inmobiliaria\/wp-json\/wp\/v2\/pages\/975\/revisions"}],"predecessor-version":[{"id":5175,"href":"https:\/\/msestudio.com.ar\/inmobiliaria\/wp-json\/wp\/v2\/pages\/975\/revisions\/5175"}],"wp:attachment":[{"href":"https:\/\/msestudio.com.ar\/inmobiliaria\/wp-json\/wp\/v2\/media?parent=975"}],"curies":[{"name":"wp","href":"https:\/\/api.w.org\/{rel}","templated":true}]}}