{"id":946,"date":"2018-03-04T17:50:45","date_gmt":"2018-03-04T20:50:45","guid":{"rendered":"http:\/\/msestudio.com.ar\/inmobiliaria\/?page_id=946"},"modified":"2019-10-22T10:53:33","modified_gmt":"2019-10-22T13:53:33","slug":"propiedades-en-venta","status":"publish","type":"page","link":"https:\/\/msestudio.com.ar\/inmobiliaria\/propiedades-en-venta\/","title":{"rendered":"Propiedades en Venta"},"content":{"rendered":"<p>Aqu\u00ed encontrar\u00e1 nuestras propiedades en Venta, para m\u00e1s informaci\u00f3n cont\u00e1ctenos!<\/p>\n\n\n<p><\/p>\n","protected":false},"excerpt":{"rendered":"<p>Aqu\u00ed encontrar\u00e1 nuestras propiedades en Venta, para m\u00e1s informaci\u00f3n cont\u00e1ctenos!<\/p>\n","protected":false},"author":1,"featured_media":0,"parent":0,"menu_order":0,"comment_status":"closed","ping_status":"closed","template":"templates\/properties.php","meta":{"_joinchat":[],"footnotes":""},"class_list":["post-946","page","type-page","status-publish","hentry"],"_links":{"self":[{"href":"https:\/\/msestudio.com.ar\/inmobiliaria\/wp-json\/wp\/v2\/pages\/946","targetHints":{"allow":["GET"]}}],"collection":[{"href":"https:\/\/msestudio.com.ar\/inmobiliaria\/wp-json\/wp\/v2\/pages"}],"about":[{"href":"https:\/\/msestudio.com.ar\/inmobiliaria\/wp-json\/wp\/v2\/types\/page"}],"author":[{"embeddable":true,"href":"https:\/\/msestudio.com.ar\/inmobiliaria\/wp-json\/wp\/v2\/users\/1"}],"replies":[{"embeddable":true,"href":"https:\/\/msestudio.com.ar\/inmobiliaria\/wp-json\/wp\/v2\/comments?post=946"}],"version-history":[{"count":4,"href":"https:\/\/msestudio.com.ar\/inmobiliaria\/wp-json\/wp\/v2\/pages\/946\/revisions"}],"predecessor-version":[{"id":1912,"href":"https:\/\/msestudio.com.ar\/inmobiliaria\/wp-json\/wp\/v2\/pages\/946\/revisions\/1912"}],"wp:attachment":[{"href":"https:\/\/msestudio.com.ar\/inmobiliaria\/wp-json\/wp\/v2\/media?parent=946"}],"curies":[{"name":"wp","href":"https:\/\/api.w.org\/{rel}","templated":true}]}}